?
False
Does 497 divide 7257807?
False
Does 122 divide 366086498?
True
Is 356612109 a multiple of 7?
True
Is 320 a factor of 16637120?
True
Is 2452135707 a multiple of 10?
False
Is 189888426 a multiple of 147?
True
Does 9 divide 10388389?
False
Is 199 a factor of 14185914?
True
Is 30 a factor of 1027498?
False
Is 6847 a factor of 3171299972?
False
Is 19 a factor of 27272068?
True
Is 1834139373 a multiple of 643?
False
Is 26 a factor of 6659406?
True
Is 8331660 a multiple of 20?
True
Is 633268059 a multiple of 8629?
False
Is 108155742 a multiple of 141?
True
Does 191 divide 36479472?
True
Is 123 a factor of 247788666?
True
Does 1195 divide 31954198?
False
Is 550852680 a multiple of 3?
True
Is 233 a factor of 372741750?
True
Is 215928535 a multiple of 1642?
False
Is 1063332514 a multiple of 3494?
True
Does 298 divide 930404872?
True
Is 880 a factor of 16174400?
True
Is 836269062 a multiple of 159?
False
Is 1749 a factor of 87923088?
False
Is 739 a factor of 406530529?
False
Does 2465 divide 477226465?
True
Is 116961185 a multiple of 24?
False
Is 120870268 a multiple of 1387?
False
Is 33 a factor of 78710379?
True
Does 25 divide 35288510?
False
Is 17 a factor of 189992527?
True
Does 539 divide 7882292?
False
Is 102 a factor of 1116386563?
False
Does 1945 divide 51980661?
False
Is 6 a factor of 1356347040?
True
Is 2533759139 a multiple of 120?
False
Does 121 divide 451754155?
False
Is 7634398 a multiple of 999?
False
Is 225955313 a multiple of 733?
True
Is 35486921 a multiple of 16?
False
Is 651245 a multiple of 3?
False
Is 554642775 a multiple of 135?
True
Does 3651 divide 183033506?
False
Does 59 divide 49494215?
True
Is 5111920 even?
True
Is 1231 a factor of 248301317?
True
Is 200 a factor of 1123339339?
False
Is 119 a factor of 11315472?
True
Is 1577 a factor of 387912037?
True
Is 391262400 a multiple of 200?
True
Is 142 a factor of 47380065?
False
Is 69 a factor of 148596263?
False
Does 134 divide 226176724?
True
Is 421820850 a multiple of 29?
False
Is 225088851 a multiple of 591?
True
Is 569 a factor of 16361595?
True
Is 33869529 a multiple of 22?
False
Is 102 a factor of 102256596?
False
Does 165 divide 189744225?
True
Does 10 divide 1529776153?
False
Does 1912 divide 1688844744?
True
Is 7289253 a multiple of 69?
False
Does 10 divide 320815560?
True
Does 100 divide 532632600?
True
Is 726 a factor of 16882632?
False
Does 461 divide 19116207?
False
Does 141 divide 87453853?
False
Is 20454362 a multiple of 8?
False
Is 40849536 a multiple of 104?
True
Is 4026 a factor of 3417120573?
False
Does 9 divide 78828459?
False
Is 1030846300 a multiple of 20?
True
Is 191 a factor of 502370392?
False
Is 653 a factor of 886770082?
True
Does 108 divide 54375084?
True
Is 29055672 a multiple of 863?
False
Is 32 a factor of 4745472?
True
Does 7859 divide 5699197479?
True
Is 3146351405 a multiple of 2614?
False
Does 3492 divide 878031972?
True
Does 298 divide 140590440?
True
Is 1631474822 a multiple of 6823?
True
Does 95 divide 90756742?
False
Is 20 a factor of 3967552460?
True
Does 163 divide 76258898?
True
Is 102 a factor of 23244168?
True
Does 8 divide 36536984?
True
Does 1566 divide 502865488?
False
Does 1096 divide 2479206439?
False
Does 80 divide 80896869?
False
Is 17 a factor of 8669167?
True
Is 4017 a factor of 1944412984?
False
Does 16 divide 34878168?
False
Does 5 divide 1386430?
True
Does 319 divide 111116632?
True
Does 13 divide 34643351?
False
Does 4 divide 422292?
True
Is 99 a factor of 91395432?
False
Is 307439718 a multiple of 1578?
False
Does 474 divide 4352742?
True
Is 17796604 a multiple of 62?
True
Is 425 a factor of 3741193674?
False
Does 16 divide 326883565?
False
Does 9 divide 64251318?
False
Is 1428939693 a multiple of 195?
False
Does 951 divide 459235047?
True
Does 242 divide 63787328?
True
Is 77 a factor of 1321474799?
False
Does 4 divide 1042001?
False
Is 21 a factor of 17907876?
True
Does 48 divide 70453152?
True
Is 299 a factor of 2036788?
True
Is 8 a factor of 289875956?
False
Is 31 a factor of 153313971?
False
Does 2844 divide 2173266585?
False
Is 10701 a factor of 689679450?
True
Is 7500840 a multiple of 40?
True
Is 148311744 a multiple of 2282?
True
Does 12 divide 40318291?
False
Does 362 divide 41599592?
True
Is 310586380 a multiple of 244?
True
Does 9 divide 45171522?
True
Is 21 a factor of 9418164?
True
Is 44 a factor of 259536980?
False
Is 222 a factor of 10701147?
False
Is 3277486650 a multiple of 958?
False
Is 342136638 a multiple of 2340?
False
Is 1114 a factor of 156998925?
False
Is 5740 a factor of 1849227100?
True
Is 5456420156 a multiple of 946?
True
Is 2340892 even?
True
Is 11 a factor of 103959526?
True
Is 425668816 a multiple of 4?
True
Is 8013168 a multiple of 8?
True
Does 1188 divide 50143104?
True
Is 37044788 a multiple of 44?
True
Is 65 a factor of 40497925?
True
Is 5 a factor of 42395269?
False
Is 1203 a factor of 45226816?
False
Is 79 a factor of 448228086?
False
Is 134 a factor of 34162663?
False
Does 7 divide 6632141?
False
Is 148 a factor of 4627717?
False
Is 3552168134 a multiple of 421?
True
Does 15 divide 47230023?
False
Does 477 divide 22874058?
True
Does 33 divide 147957315?
True
Does 14 divide 136084447?
False
Does 925 divide 22043675?
True
Is 73 a factor of 73897528?
False
Does 1260 divide 46516680?
True
Does 545 divide 14053370?
True
Is 222 a factor of 113664?
True
Is 14857024 a multiple of 224?
True
Does 296 divide 661063904?
True
Does 44 divide 115198776?
True
Is 2362 a factor of 20713765?
False
Is 6359 a factor of 195366446?
False
Is 1221 a factor of 743845410?
True
Does 422 divide 3885667546?
True
Is 31353138 a multiple of 9?
True
Is 11971492 a multiple of 13?
True
Is 1712923058 a multiple of 172?
False
Is 22 a factor of 10115154?
False
Is 1345473 even?
False
Does 66 divide 45071136?
True
Is 551 a factor of 604691?
False
Is 104 a factor of 219440?
True
Is 10093798 a multiple of 1217?
True
Is 4920520 a multiple of 3?
False
Does 1473 divide 1668218886?
False
Does 776 divide 2430137436?
False
Is 334 a factor of 357318544?
True
Is 7431748 a multiple of 30?
False
Is 1178 a factor of 23413928?
True
Is 18 a factor of 84602520?
True
Is 10514429 a multiple of 75?
False
Is 90 a factor of 73683270?
True
Is 6233 a factor of 3149079119?
False
Is 2558 a factor of 448379061?
False
Does 486 divide 31959360?
True
Does 110 divide 287303610?
True
Is 1181366534 a multiple of 206?
True
Is 98808165 a multiple of 15?
True
Is 1044663009 a multiple of 39?
True
Is 34 a factor of 156321494?
True
Is 2123096 a multiple of 426?
False
Does 37 divide 649348224?
True
Is 741 a factor of 218210171?
False
Is 1282 a factor of 208212184?
True
Is 17 a factor of 24541727?
True
Is 70095080 a multiple of 566?
False
Does 2050 divide 37896300?
True
Is 10 a factor of 93640250?
True
Is 1824684326 a multiple of 22?
False
Is 52 a factor of 3806709?
False
Is 816078 a multiple of 6?
True
Is 46578820 a multiple of 10?
True
Is 4834 a factor of 1719598986?
False
Is 4 a factor of 17980021?
False
Is 23507635 a multiple of 79?
True
Does 3 divide 2105486?
False
Does 56 divide 101655182?
False
Is 83 a factor of 26415331?
True
Is 437 a factor of 104137974?
True
Is 310849338 a multiple of 62?
True
Is 52 a factor of 66759050?
False
Does 39 divide 31625451?
True
Is 617 a factor of 273643819?
True
Does 1059 divide 662637752?
False
Is 308593780 a multiple of 24?
False
Is 209 a factor of 48831178?
True
Does 26 divide 4135794?
True
Is 197 a factor of 29962401?
False
Does 44 divide 2994936428?
True
Is 93 a factor of 114111?
True
Does 45 divide 1454764866?
False
Does 1795 divide 118367910?
False
Is 2414157320 a multiple of 10?
True
Is 22 a factor of 1468475118?
True
Does 309 divide 3771036?
True
Is 436282860 a multiple of 30?
True
Is 12 a factor of 2757512272?
False
Is 682 a factor of 22473110?
False
Is 788703900 a multiple of 75?
True
Does 2301 divide 137263130?
False
Is 349936558 a multiple of 439?
True
Is 130 a factor of 146668990?
True
Is 759194758 a multiple of 1413?
False
Is 240668118 a multiple of 5143?
False
Is 38 a factor of 28570452?
True
Is 59 a factor of 338135943?
False
Is 307985712 a multiple of 24?
True
Does 6835 divide 169890760?
True
Is 723934926 a multiple of 1162?
False
Does 1012 divide 136950924?
True
Is 26419036 a multiple of 148?
True